p) be the third derivative of p**4/8 + p**3/6 - 2*p**2. Suppose -l + 2 = 3. Let h be v(l). Let d(q) = -3*q - 2. Determine d(h).
4
Let r be (-28)/(-21) - 1/3. Let k(n) = 7*n - 12. Let s(w) = -w + 1. Let l(c) = r*k(c) + 5*s(c). Give l(5).
3
Let o(k) = k**2 + 3*k + 2. Suppose c = -0*c + 5*y - 13, -2*c + 2*y - 10 = 0. What is o(c)?
2
Let a(l) = -1083*l - 2 + 1085*l + 5. Determine a(-7).
-11
Suppose -5*q = -2*i - 18, -4*q + 8*i + 28 = 3*i. Let w(c) = -2*c**3 - 9*c + c**3 + 3*c - 6*c**q. Let r be (-2 - -3)*1*-5. Give w(r).
5
Let x(l) be the third derivative of -l**9/60480 - l**8/5040 - l**5/30 + 4*l**2. Let q(v) be the third derivative of x(v). Give q(-4).
0
Let w(o) = -7*o**2 - 7*o - 6. Let m(u) = -4*u**2 - 3*u - 3. Let z(f) = 5*m(f) - 3*w(f). Calculate z(-3).
-6
Let p be 1/2 + (-12)/(-8). Let l(o) = -3 + o**p + 0 - 5*o - 2*o + 10. What is l(6)?
1
Let z(x) be the first derivative of 4*x**2 - x - 5. Let k(s) = 12*s - 1. Let o(u) = 5*k(u) - 7*z(u). Determine o(-2).
-6
Let x = -40 - -43. Let j(s) be the third derivative of 0*s**x - 1/12*s**5 - 1/8*s**4 - 3*s**2 - 1/120*s**6 + 0 + 0*s. Calculate j(-4).
-4
Let l be -4 - 0*(-3)/(-6). Let a(k) be the second derivative of -k**4/12 - k**3/3 - k**2/2 + 13*k. What is a(l)?
-9
Let v(q) = 3*q - 6. Let g(b) = -7*b + 12. Suppose -3*p + 8*p - 9 = -m, 5*m = -2*p + 22. Let c(s) = m*g(s) + 9*v(s). Determine c(-5).
-1
Let d be (24/(-36))/((-4)/(-30)). Let y(h) = 2*h**3 - 8*h**2 - 4*h - 2. Let o(i) = 3*i**3 - 9*i**2 - 5*i - 3. Let c(v) = 3*o(v) - 4*y(v). What is c(d)?
-6
Let f(m) = -m**2 + 2*m - 2. Let y be (5 + -1)/((-8)/(-6)). What is f(y)?
-5
Suppose -m + 36 = 5*x + 3*m, 0 = -4*m + 16. Let y(r) = -r**2 - 8*r - 4. Let c be y(-7). Let f(k) = 4 - 2*k + c - 4. Determine f(x).
-5
Let t be (-1)/2*(-1 + -9). Let j(y) = -y**3 + 4*y**2 + 3*y + 6. Calculate j(t).
-4
Let d be (-1 + 0)/(-1) - 5. Let g = -1 - -1. Let h(w) = g - 3 + 2 + w. Determine h(d).
-5
Let q(g) = 2*g**2 + 3*g + 2. Let z be (4*(-3 + 2))/2. Give q(z).
4
Let d(m) be the second derivative of 0 - 5/12*m**4 + 2*m + 1/20*m**5 + 1/2*m**3 - 1/2*m**2. Let b(l) = -l - 1. Let p be b(-5). What is d(p)?
-5
Let s(r) = 4*r**2 + r**3 + 43 - 2*r**3 + 14*r - 47 - 6*r. Determine s(5).
11
Let w(q) = 8*q**2 - 4 + 3*q + 2*q**3 - 4*q**2 - 3*q**3. Determine w(5).
-14
Suppose 8 = 3*o - 2*o. Let d(x) = x**2 - 8*x. Let m be d(o). Let q(s) = -s**2 + s - 1. Determine q(m).
-1
Let u(n) = -8*n**3 + n - 1. Suppose -l + 3 - 7 = 0. Let b = -3 - l. Give u(b).
-8
Let y(k) = k - 1 - 62*k**3 + 31*k**3 + 29*k**3. What is y(1)?
-2
Let p(v) = v**3 - v**2 + 2*v - 3. Suppose -n - 10 = 4*n. Let a be (-3)/(-18)*n*-6. Calculate p(a).
5
Suppose 0 = -4*q - 5 + 17. Suppose q = -d + 2. Let u(o) = -4*o**3 - 1. Determine u(d).
3
Let z(p) be the first derivative of -p**3/3 - 5*p**2 - 2*p + 8. What is z(-9)?
7
Let s(t) = 9*t + 18. Let k(z) = 5*z + 9. Let x(p) = 11*k(p) - 6*s(p). What is x(0)?
-9
Let k(v) = -2*v + 4. Suppose 7 = -2*q + 1. What is k(q)?
10
Suppose -v + 4 = -i, 3*i + 0*v + 12 = 2*v. Let w(m) be the third derivative of m**6/120 + m**5/20 - 7*m**4/24 - 5*m**3/6 - m**2. What is w(i)?
7
Let k(b) = -6*b + 4*b + b + 3. Calculate k(4).
-1
Suppose 3*d = 4*d - 2. Let a(o) = -2*o + d*o + 2*o. What is a(-3)?
-6
Let w(k) = k**3 + 2*k**2 - 2*k + 4. Suppose -5*c - 11 = 4. Let j be w(c). Let i(t) = -t + 1. Let m(n) = n**2 - 3*n. Let b(a) = j*m(a) - i(a). What is b(-1)?
2
Suppose -5*j + 8 = -17. Let w(h) = 4*h - 2. Let i(v) = -7*v + 5. Let k(r) = 3*i(r) + 5*w(r). Determine k(j).
0
Let l = -8 + 3. Let i be 5 + l - (-3)/(-1). Let d(h) = -2*h**2 - 2*h + 4. Determine d(i).
-8
Let i be 3*25/15 + -1. Let k(m) = -m + 6. Give k(i).
2
Let c(z) = -4*z + 1. Suppose -20 = 2*d - 4*d - 2*k, -d = 3*k - 14. Suppose -d = -4*i + 8*i. What is c(i)?
9
Let x(r) = -r**2 - r - 2. Let q(j) = j**2 + 4*j - 7. Let z be q(-7). Let y be z/4 - (-5)/(-10). Let a(g) = g**2 - g - 4. Let b be a(y). Give x(b).
-8
Let s(g) = -24 + 10 + 4*g - 3*g. What is s(6)?
-8
Suppose -2*i + 20 = 4*f, -4*i - 3*f = -f - 16. Let v(n) = 0*n**2 + i - 6*n + 0*n**2 - 3*n**2 + 4*n**2. Calculate v(5).
-3
Suppose -4*g + 0*v + 29 = 5*v, -29 = -5*g + v. Suppose 0 = -g*c + c + 4*f + 24, c - f - 4 = 0. Let t(x) = -c*x**3 + x**3 - x + 0*x**2 + x**2. Calculate t(1).
-7
Suppose z - 5*z = -8. Let g(q) = 0*q + 4 + q - z*q + 0*q. Let r = 2 + -5. Determine g(r).
7
Let x(k) = 3*k - 8*k**2 + 7*k**2 + k. Let a(r) = r**3 + 4*r**2 - 5*r. Let t be a(-5). Suppose t = 5*q - 17 + 2. Give x(q).
3
Suppose 4 = 5*s - 21. Suppose s*n + 11 = -2*m, 0 = 3*n + 5*m + 17 + 1. Let t(h) = -h**2 - 4*h + 7. Let z(f) = f. Let q(w) = n*t(w) - 5*z(w). Calculate q(0).
-7
Let z(v) = -v**3 - 6*v**2 + 7*v + 3. Let d(m) = m**2 + 16*m - 7. Let j be d(-16). Determine z(j).
3
Let o be (-4)/(3 + -1) + 0. Let k(g) = -1. Let z(x) = x**3 + 4*x**2 + 4*x - 4. Let v(b) = 6*k(b) - z(b). Calculate v(o).
-2
Let p be 23/5 - 4/(-10). Let i(c) = -c**2 + 4*c + 6. Calculate i(p).
1
Let a(z) = z**3 - 4*z**2 + 2*z - 1. Let o = -11 + 16. Let u = o + -2. Suppose 0 = 4*w - u*w - 4. Give a(w).
7
Let m(c) = 3*c**2 - 5*c + 9. Let l(o) = 5*o**2 - 7*o + 14. Let k(q) = -5*l(q) + 8*m(q). Let d be k(-5). Let u(g) = 2*g**3 - 4*g**2 + 2*g + 1. Give u(d).
5
Let n(c) = c**3 + 12*c**2 + 2*c - 7. Let x(t) = t**2. Let f(s) = n(s) - 6*x(s). What is f(-5)?
8
Let t(m) = -m**3 - 6*m**2 - 4. Let p = -37 - -70. Let b be (-64)/11 + (-6)/p. Give t(b).
-4
Let o(m) be the first derivative of m**4/4 - 5*m**3/3 + 7. What is o(5)?
0
Suppose -58*f + 64*f = 36. Let b(n) = -n**2 + 8*n - 5. Give b(f).
7
Suppose -4*v - 2 = -5*v. Let z = v + -5. Let m(g) be the second derivative of -g**3/6 - 3*g**2/2 + g. What is m(z)?
0
Let r = 9 + -9. Let t(d) = -3 - 2*d + 0*d + r*d. What is t(-5)?
7
Let g(u) = -u - 7*u - 2*u**2 - 1 + 5*u + 5. Determine g(-3).
-5
Let m = 28 - 33. Let b(f) = -f - 12. Give b(m).
-7
Suppose -2*m - 10 = -4. Let s(g) = g**2 + 4*g + 2. Let f be s(m). Let o(n) = 4*n**2 + 2*n + 1. Determine o(f).
3
Let q be (1 + (1 - -3))/1. Suppose q*z - 14 - 13 = -m, -29 = -2*m - 5*z. Let f(v) = 3*v**m - 4*v**2 + 5*v**2. Determine f(-1).
4
Let f(m) = -4*m**2 - 4*m + 4. Let z(k) = k**2 - k - 1. Let q(v) = -f(v) - 3*z(v). Determine q(-5).
-11
Let o(a) = -a**3 + 7*a**2 - 7*a + 9. Let x(u) = u - 3. Let h be x(4). Suppose 4*k + 5*t - 31 = 0, -5*t = -k + 14 - 0. Let l be -6*h/2 + k. Give o(l).
3
Let y(b) = 3*b - 1. Let t be 340/(-119) - (-1)/(-7). Give y(t).
-10
Let n(x) = 6*x**2 + 0*x**2 + 5*x - 5*x**2. Calculate n(-5).
0
Let b(x) = x. Let a(u) = -8*u - 31. Let p be a(-5). What is b(p)?
9
Let g(p) = -3*p - 1. Suppose 0 = 5*l + 7 + 8. Give g(l).
8
Let k(c) be the first derivative of -c**4/2 - c**3/3 - c**2 - c - 2. Let n be ((-2)/(-8))/(((-102)/(-24))/(-17)). What is k(n)?
2
Let b(u) = -6*u**2 - 66 - 5*u - u**3 - 67 + 140. Give b(-5).
7
Let r(j) = j + 3 - 3 - 5*j + 28*j**2 - 26*j**2. Let m = 6 + -3. Determine r(m).
6
Let a(j) = j**2 - 6*j - 7. Let r(v) = -v**2 + 15*v + 22. Let n be r(16). Determine a(n).
-7
Let n(h) be the second derivative of 0*h**2 - 1/8*h**4 + 0 + 1/60*h**5 - 1/3*h**3 + h. Let x(v) be the second derivative of n(v). What is x(-4)?
-11
Let u = 53 - 49. Let i(s) = s**3 - 4*s**2 - 2. Give i(u).
-2
Let s(k) = 3*k**2 - 1. Suppose 0 = -3*b + 7*b - 116. Let x = 64 - b. Let z be x/25 + (-4)/10. Give s(z).
2
Suppose -n - 4*n = 40. Let i be (-6)/n - 2/(-8). Let o(f) = -f**3 - f + 1. Give o(i).
-1
Let l(o) be the third derivative of -o**6/120 + o**5/20 + o**4/8 + 5*o**3/6 + 9*o**2. Give l(4).
1
Let q = -1 + 5. Suppose 3*i - q*i = -3. Let y(s) = -s + 2. Determine y(i).
-1
Let n(r) = r**2 - 5*r - 6. Let c(q) be the third derivative of q**4/12 - 3*q**3/2 - 3*q**2. Let h be c(7). Calculate n(h).
-6
Let x be (3/(-6))/((-2)/28). Let g = x - 4. Let l be -4 + g + 3 - 0. Let z(m) = -2*m**2 + 2*m - 3. Determine z(l).
-7
Let l be (4 - 5 - 4) + 0. Let u(j) = -j**3 - 6*j**2 - 5*j - 1. What is u(l)?
-1
Suppose 13*k = 16*k + 6. Let z(q) = 2*q - 1. Determine z(k).
-5
Let q be (-6)/(-3 - 45/(-20)). Let n(v) = v**2 - 8*v - 3. Determine n(q).
-3
Let k(v) be the second derivative of v**4/12 + v**3 + 6*v - 5. Give k(-6).
0
Let m be (3 + -1)*6/4. Let n(f) = -f**m + 4*f**2 - 3*f + 4 + 3*f + 0*f - f. Give n(4).
0
Let s = 127 - 134. Let l(u) = 7 + 7*u + 2 - u**3 - 3 - 6*u**2. Determine l(s)